{"id":8,"date":"2024-09-07T15:35:46","date_gmt":"2024-09-07T15:35:46","guid":{"rendered":"https:\/\/cmiconsultoria.com\/?page_id=8"},"modified":"2026-04-21T14:56:44","modified_gmt":"2026-04-21T14:56:44","slug":"formacion-especializada","status":"publish","type":"page","link":"https:\/\/cmiconsultoria.com\/?page_id=8","title":{"rendered":"Formaci\u00f3n especializada"},"content":{"rendered":"<p>[et_pb_section fb_built=&#8221;1&#8243; custom_padding_last_edited=&#8221;on|phone&#8221; admin_label=&#8221;Header&#8221; _builder_version=&#8221;4.27.4&#8243; _module_preset=&#8221;default&#8221; background_color=&#8221;rgba(0,0,0,0.31)&#8221; background_image=&#8221;https:\/\/cmiconsultoria.com\/wp-content\/uploads\/2025\/05\/Foto-de-Portada-para-Facebook-Dia-del-Nino-Colorido.png&#8221; background_blend=&#8221;multiply&#8221; custom_padding=&#8221;52px||143px|5px|false|false&#8221; custom_padding_tablet=&#8221;&#8221; custom_padding_phone=&#8221;40px||||false|false&#8221; bottom_divider_style=&#8221;arrow3&#8243; bottom_divider_color=&#8221;#efefef&#8221; bottom_divider_height=&#8221;290px&#8221; global_colors_info=&#8221;{}&#8221;][et_pb_row _builder_version=&#8221;4.27.4&#8243; _module_preset=&#8221;default&#8221; background_enable_color=&#8221;off&#8221; min_height=&#8221;280.7px&#8221; custom_margin=&#8221;26px|auto||auto||&#8221; custom_padding=&#8221;0px||0px|||&#8221; module_alignment_tablet=&#8221;center&#8221; module_alignment_last_edited=&#8221;off|desktop&#8221; global_colors_info=&#8221;{}&#8221;][et_pb_column type=&#8221;4_4&#8243; admin_label=&#8221;Column&#8221; _builder_version=&#8221;4.27.4&#8243; _module_preset=&#8221;default&#8221; global_colors_info=&#8221;{}&#8221;][et_pb_divider show_divider=&#8221;off&#8221; admin_label=&#8221;Divider&#8221; _builder_version=&#8221;4.19.5&#8243; _module_preset=&#8221;default&#8221; width=&#8221;210px&#8221; height=&#8221;2px&#8221; custom_margin=&#8221;||27px||false|false&#8221; box_shadow_style=&#8221;preset2&#8243; global_colors_info=&#8221;{}&#8221;][\/et_pb_divider][et_pb_text _builder_version=&#8221;4.27.4&#8243; _module_preset=&#8221;370cf134-a811-4d7c-90e9-083991f25ee4&#8243; text_text_color=&#8221;#FFFFFF&#8221; header_font=&#8221;Space Grotesk|500|||||||&#8221; header_text_align=&#8221;center&#8221; header_text_color=&#8221;#FFFFFF&#8221; header_font_size=&#8221;80px&#8221; animation_style=&#8221;fold&#8221; animation_direction=&#8221;left&#8221; header_font_size_tablet=&#8221;36px&#8221; header_font_size_phone=&#8221;22px&#8221; header_font_size_last_edited=&#8221;on|phone&#8221; header_text_shadow_style=&#8221;preset2&#8243; header_text_shadow_horizontal_length=&#8221;0.09em&#8221; header_text_shadow_blur_strength=&#8221;0.09em&#8221; global_colors_info=&#8221;{}&#8221;]<\/p>\n<h1><span>Entrenamiento<\/span><\/h1>\n<h1><span> y <\/span><\/h1>\n<h1><span>Formaci\u00f3n<\/span><\/h1>\n<p>[\/et_pb_text][et_pb_divider color=&#8221;#FFFFFF&#8221; divider_weight=&#8221;2px&#8221; admin_label=&#8221;Divider&#8221; _builder_version=&#8221;4.27.4&#8243; _module_preset=&#8221;default&#8221; height=&#8221;2px&#8221; custom_margin=&#8221;||0px||false|false&#8221; box_shadow_style=&#8221;preset2&#8243; global_colors_info=&#8221;{}&#8221;][\/et_pb_divider][\/et_pb_column][\/et_pb_row][\/et_pb_section][et_pb_section fb_built=&#8221;1&#8243; admin_label=&#8221;Services&#8221; _builder_version=&#8221;4.27.4&#8243; _module_preset=&#8221;default&#8221; background_color=&#8221;rgba(239,239,239,0.82)&#8221; background_image=&#8221;https:\/\/cmiconsultoria.com\/wp-content\/uploads\/2024\/11\/virtual-assistant-01.png&#8221; parallax=&#8221;on&#8221; parallax_method=&#8221;off&#8221; custom_margin=&#8221;||||false|false&#8221; custom_padding=&#8221;0vw||||false|false&#8221; top_divider_color=&#8221;#FFFFFF&#8221; top_divider_height=&#8221;3vw&#8221; top_divider_repeat=&#8221;1x&#8221; global_colors_info=&#8221;{}&#8221;][et_pb_row _builder_version=&#8221;4.27.4&#8243; _module_preset=&#8221;default&#8221; background_color=&#8221;rgba(239,239,239,0.82)&#8221; box_shadow_style=&#8221;preset1&#8243; box_shadow_blur=&#8221;80px&#8221; box_shadow_spread=&#8221;80px&#8221; box_shadow_color=&#8221;rgba(239,239,239,0.82)&#8221; global_colors_info=&#8221;{}&#8221;][et_pb_column type=&#8221;4_4&#8243; _builder_version=&#8221;4.27.4&#8243; _module_preset=&#8221;default&#8221; global_colors_info=&#8221;{}&#8221;][et_pb_text _builder_version=&#8221;4.27.4&#8243; _module_preset=&#8221;7d4a8cbc-5ddd-46c9-be95-23498c921cdd&#8221; header_2_font=&#8221;Space Grotesk|500|||||||&#8221; header_2_text_align=&#8221;center&#8221; header_2_text_color=&#8221;#000000&#8243; header_2_font_size=&#8221;40px&#8221; header_2_line_height=&#8221;1.3em&#8221; animation_style=&#8221;fade&#8221; header_2_font_size_tablet=&#8221;30px&#8221; header_2_font_size_phone=&#8221;18px&#8221; header_2_font_size_last_edited=&#8221;on|phone&#8221; header_2_line_height_tablet=&#8221;1.3em&#8221; header_2_line_height_phone=&#8221;1.4em&#8221; header_2_line_height_last_edited=&#8221;off|desktop&#8221; global_colors_info=&#8221;{}&#8221;]<\/p>\n<h2>\u00a0Impartimos cursos in company y abiertos sobre las metodolog\u00edas y est\u00e1ndares asociados a las buenas practicas de mantenimiento, confiabilidad y gesti\u00f3n de activos, incluyendo certificaci\u00f3n.<\/h2>\n<p>[\/et_pb_text][\/et_pb_column][\/et_pb_row][et_pb_row column_structure=&#8221;1_3,1_3,1_3&#8243; _builder_version=&#8221;4.27.4&#8243; _module_preset=&#8221;default&#8221; background_color=&#8221;rgba(239,239,239,0.82)&#8221; min_height=&#8221;400.4px&#8221; custom_margin=&#8221;0px|auto||auto||&#8221; animation_style=&#8221;fade&#8221; border_color_all=&#8221;#FFFFFF&#8221; box_shadow_style=&#8221;preset1&#8243; box_shadow_horizontal=&#8221;-5px&#8221; box_shadow_vertical=&#8221;-62px&#8221; box_shadow_blur=&#8221;19px&#8221; box_shadow_spread=&#8221;80px&#8221; box_shadow_color=&#8221;rgba(239,239,239,0.82)&#8221; global_colors_info=&#8221;{}&#8221;][et_pb_column type=&#8221;1_3&#8243; _builder_version=&#8221;4.16&#8243; _module_preset=&#8221;default&#8221; global_colors_info=&#8221;{}&#8221;][et_pb_blurb title=&#8221;Curso RCM \u2013 Mantenimiento Centrado en Confiabilidad Bajo los Lineamientos de la Norma SAE JA 1011, 1012 &#038; UNE-EN 60300-3-11&#8243; url=&#8221;@ET-DC@eyJkeW5hbWljIjp0cnVlLCJjb250ZW50IjoicG9zdF9saW5rX3VybF9wYWdlIiwic2V0dGluZ3MiOnsicG9zdF9pZCI6IjI1OCJ9fQ==@&#8221; image=&#8221;https:\/\/cmiconsultoria.com\/wp-content\/uploads\/2025\/05\/2-4.jpg&#8221; content_max_width=&#8221;100%&#8221; _builder_version=&#8221;4.27.4&#8243; _dynamic_attributes=&#8221;url&#8221; _module_preset=&#8221;a9c19a80-4e24-4315-9a62-909b5d3c40bd&#8221; header_font=&#8221;|700|||||||&#8221; header_text_align=&#8221;justify&#8221; header_font_size=&#8221;16px&#8221; header_line_height=&#8221;1.6em&#8221; body_font_size=&#8221;12px&#8221; body_line_height=&#8221;1.8em&#8221; background_enable_image=&#8221;off&#8221; animation=&#8221;off&#8221; header_font_size_tablet=&#8221;18px&#8221; header_font_size_phone=&#8221;16px&#8221; header_font_size_last_edited=&#8221;off|desktop&#8221; body_font_size_tablet=&#8221;14px&#8221; body_font_size_phone=&#8221;13px&#8221; body_font_size_last_edited=&#8221;on|phone&#8221; global_colors_info=&#8221;{}&#8221;]<\/p>\n<p style=\"text-align: justify;\">El Mantenimiento Centrado en Confiabilidad \u2013 RCM (por sus siglas en ingl\u00e9s) se conoce como una de las t\u00e9cnicas de mayor difusi\u00f3n a nivel mundial para apoyar el desarrollo de planes de mantenimiento costo-efectivos y t\u00e9cnicamente factibles.<\/p>\n<p>[\/et_pb_blurb][\/et_pb_column][et_pb_column type=&#8221;1_3&#8243; _builder_version=&#8221;4.16&#8243; _module_preset=&#8221;default&#8221; global_colors_info=&#8221;{}&#8221;][et_pb_blurb title=&#8221;Buenas Pr\u00e1cticas de Mantenimiento &#038; Confiabilidad  Bajo los 5 Pilares del BoK de la SMRP&#8221; url=&#8221;@ET-DC@eyJkeW5hbWljIjp0cnVlLCJjb250ZW50IjoicG9zdF9saW5rX3VybF9wYWdlIiwic2V0dGluZ3MiOnsicG9zdF9pZCI6IjI4OSJ9fQ==@&#8221; image=&#8221;https:\/\/cmiconsultoria.com\/wp-content\/uploads\/2025\/05\/1-4.jpg&#8221; content_max_width=&#8221;100%&#8221; _builder_version=&#8221;4.27.4&#8243; _dynamic_attributes=&#8221;url&#8221; _module_preset=&#8221;a9c19a80-4e24-4315-9a62-909b5d3c40bd&#8221; header_font=&#8221;|700|||||||&#8221; header_font_size=&#8221;16px&#8221; header_line_height=&#8221;1.6em&#8221; body_font_size=&#8221;12px&#8221; body_line_height=&#8221;1.8em&#8221; text_orientation=&#8221;justified&#8221; animation=&#8221;off&#8221; body_font_size_tablet=&#8221;14px&#8221; body_font_size_phone=&#8221;13px&#8221; body_font_size_last_edited=&#8221;on|phone&#8221; locked=&#8221;off&#8221; global_colors_info=&#8221;{}&#8221;]<\/p>\n<p>El mantenimiento y la confiabilidad se ubican dentro de las disciplinas gerenciales con mayor desarrollo y relevancia en los \u00faltimos 20 a\u00f1os en industrias de capital intensivo y empieza a ser identificado como un \u00e1rea con un verdadero potencial de creaci\u00f3n de valor dentro de la organizaci\u00f3n. Aline\u00e1ndose con las directrices de la gesti\u00f3n de activos y el nuevo est\u00e1ndar internacional ISO 55001:2014<\/p>\n<p>[\/et_pb_blurb][\/et_pb_column][et_pb_column type=&#8221;1_3&#8243; _builder_version=&#8221;4.16&#8243; _module_preset=&#8221;default&#8221; global_colors_info=&#8221;{}&#8221;][et_pb_blurb title=&#8221;Curso RCA \u2013 An\u00e1lisis de Causa Ra\u00edz Bajo los Lineamientos de la Norma UNE-EN 62740:2015 e introducci\u00f3n al manejo del software RCA2GO.&#8221; url=&#8221;@ET-DC@eyJkeW5hbWljIjp0cnVlLCJjb250ZW50IjoicG9zdF9saW5rX3VybF9wYWdlIiwic2V0dGluZ3MiOnsicG9zdF9pZCI6IjMwNyJ9fQ==@&#8221; image=&#8221;https:\/\/cmiconsultoria.com\/wp-content\/uploads\/2025\/05\/3-5.jpg&#8221; content_max_width=&#8221;100%&#8221; _builder_version=&#8221;4.27.4&#8243; _dynamic_attributes=&#8221;url&#8221; _module_preset=&#8221;a9c19a80-4e24-4315-9a62-909b5d3c40bd&#8221; header_font=&#8221;|700|||||||&#8221; header_font_size=&#8221;16px&#8221; header_line_height=&#8221;1.6em&#8221; body_font_size=&#8221;12px&#8221; body_line_height=&#8221;1.8em&#8221; text_orientation=&#8221;justified&#8221; animation=&#8221;off&#8221; header_font_size_tablet=&#8221;18px&#8221; header_font_size_phone=&#8221;16px&#8221; header_font_size_last_edited=&#8221;off|desktop&#8221; body_font_size_tablet=&#8221;14px&#8221; body_font_size_phone=&#8221;13px&#8221; body_font_size_last_edited=&#8221;on|phone&#8221; global_colors_info=&#8221;{}&#8221;]<\/p>\n<p>El An\u00e1lisis de Causa Ra\u00edz \u2013 RCA es una herramienta de alto potencial dentro de las organizaciones para lograr el cumplimiento de los objetivos estrat\u00e9gicos del negocio. Su principal objetivo es minimizar la ocurrencia y repetici\u00f3n de fallas funcionales que impactan directamente la confiabilidad operacional.<\/p>\n<p>[\/et_pb_blurb][\/et_pb_column][\/et_pb_row][\/et_pb_section][et_pb_section fb_built=&#8221;1&#8243; admin_label=&#8221;Stats&#8221; _builder_version=&#8221;4.27.4&#8243; _module_preset=&#8221;default&#8221; background_color=&#8221;rgba(239,239,239,0.82)&#8221; background_image=&#8221;https:\/\/cmiconsultoria.com\/wp-content\/uploads\/2024\/11\/virtual-assistant-01.png&#8221; parallax=&#8221;on&#8221; parallax_method=&#8221;off&#8221; width_tablet=&#8221;100%&#8221; width_phone=&#8221;&#8221; width_last_edited=&#8221;on|tablet&#8221; module_alignment=&#8221;center&#8221; custom_margin=&#8221;|||-626px|false|false&#8221; custom_padding=&#8221;0px|||||&#8221; box_shadow_style=&#8221;preset3&#8243; box_shadow_vertical=&#8221;72px&#8221; box_shadow_blur=&#8221;64px&#8221; box_shadow_spread=&#8221;-16px&#8221; global_colors_info=&#8221;{}&#8221;][et_pb_row column_structure=&#8221;2_5,3_5&#8243; _builder_version=&#8221;4.27.4&#8243; _module_preset=&#8221;default&#8221; background_color=&#8221;rgba(239,239,239,0.82)&#8221; custom_margin=&#8221;||-330px||false|false&#8221; custom_padding=&#8221;0px||0px||false|false&#8221; box_shadow_style=&#8221;preset1&#8243; box_shadow_blur=&#8221;80px&#8221; box_shadow_spread=&#8221;80px&#8221; box_shadow_color=&#8221;rgba(239,239,239,0.82)&#8221; global_colors_info=&#8221;{}&#8221;][et_pb_column type=&#8221;2_5&#8243; _builder_version=&#8221;4.16&#8243; _module_preset=&#8221;default&#8221; global_colors_info=&#8221;{}&#8221;][et_pb_image src=&#8221;https:\/\/cmiconsultoria.com\/wp-content\/uploads\/2025\/05\/Diseno-sin-titulo-3.jpg&#8221; title_text=&#8221;Dise\u00f1o sin t\u00edtulo (3)&#8221; _builder_version=&#8221;4.27.4&#8243; _module_preset=&#8221;default&#8221; transform_scale=&#8221;110%|110%&#8221; transform_translate=&#8221;24px|-20px&#8221; transform_translate_linked=&#8221;off&#8221; transform_origin=&#8221;100%|106%&#8221; module_alignment=&#8221;left&#8221; custom_margin=&#8221;|||-101px|false|false&#8221; custom_padding=&#8221;0px||0px||false|false&#8221; scroll_vertical_motion_enable=&#8221;on&#8221; scroll_vertical_motion=&#8221;0|50|50|100|1|0|-1&#8243; motion_trigger_start=&#8221;top&#8221; box_shadow_style=&#8221;preset2&#8243; global_colors_info=&#8221;{}&#8221;][\/et_pb_image][\/et_pb_column][et_pb_column type=&#8221;3_5&#8243; _builder_version=&#8221;4.16&#8243; _module_preset=&#8221;default&#8221; global_colors_info=&#8221;{}&#8221;][et_pb_text _builder_version=&#8221;4.27.4&#8243; _module_preset=&#8221;default&#8221; text_font=&#8221;Space Grotesk||||||||&#8221; text_text_color=&#8221;#000000&#8243; text_font_size=&#8221;23px&#8221; text_line_height=&#8221;1.8em&#8221; text_font_size_tablet=&#8221;14px&#8221; text_font_size_phone=&#8221;13px&#8221; text_font_size_last_edited=&#8221;on|phone&#8221; text_text_shadow_style=&#8221;preset2&#8243; text_text_shadow_blur_strength=&#8221;0.11em&#8221; text_text_shadow_color=&#8221;#FFFFFF&#8221; locked=&#8221;off&#8221; global_colors_info=&#8221;{}&#8221;]<\/p>\n<p>Contamos con un profundo conocimiento y experiencia en nuestro campo, aplicando las mejores pr\u00e1cticas y tecnolog\u00edas avanzadas para ofrecer resultados de alta calidad y valor en cada proyecto.<\/p>\n<p>[\/et_pb_text][\/et_pb_column][\/et_pb_row][et_pb_row admin_label=&#8221;Row&#8221; _builder_version=&#8221;4.27.4&#8243; _module_preset=&#8221;default&#8221; custom_margin=&#8221;344px||||false|false&#8221; custom_padding=&#8221;0px||34px||false|false&#8221; global_colors_info=&#8221;{}&#8221;][et_pb_column type=&#8221;4_4&#8243; admin_label=&#8221;Column&#8221; _builder_version=&#8221;4.16&#8243; _module_preset=&#8221;default&#8221; global_colors_info=&#8221;{}&#8221;][et_pb_text _builder_version=&#8221;4.27.4&#8243; _module_preset=&#8221;default&#8221; text_font=&#8221;Space Grotesk||||||||&#8221; header_3_font=&#8221;Space Grotesk||||||||&#8221; header_3_font_size=&#8221;30px&#8221; global_colors_info=&#8221;{}&#8221;]<\/p>\n<h3>Formaci\u00f3n especializada<\/h3>\n<h4><\/h4>\n<ul>\n<li>\n<h4>RCA &#8211; An\u00e1lisis de Causa Ra\u00edz Bajo UNE-EN 62740<\/h4>\n<\/li>\n<li>\n<h4>RCM &#8211; Mantenimiento Centrado en Confiabilidad Bajo Norma SAE JA 1011 &amp; IEC 60300-3-11.<\/h4>\n<\/li>\n<li>\n<h4>HAZOP &#8211; An\u00e1lisis de Riesgos Operacionales Bajo Norma EN 61882:2017<\/h4>\n<\/li>\n<li>\n<h4>Buenas Pr\u00e1cticas de Mantenimiento &amp; Confiabilidad Bajo los Lineamientos del BoK de la SMRP.<\/h4>\n<\/li>\n<li>\n<h4>Gesti\u00f3n de Activos y Sistema de Gesti\u00f3n de Activos Bajo ISO 55001.<\/h4>\n<\/li>\n<li>\n<h4>KPI &#8211; Indicadores Clave de Mantenimiento y Confiabilidad Bajo UNE-EN 15341.<\/h4>\n<\/li>\n<li>\n<h4>Gerencia de Mantenimiento &amp; Confiabilidad Bajo UNE &#8211; EN 17485.<\/h4>\n<\/li>\n<li>\n<h4>Finanzas para Ingenier\u00eda.<\/h4>\n<\/li>\n<li>\n<h4>Gesti\u00f3n de Costos.<\/h4>\n<\/li>\n<li>\n<h4>LCC &#8211; An\u00e1lisis de Costo del Ciclo de Vida de Activos F\u00edsicos.<\/h4>\n<\/li>\n<\/ul>\n<p>[\/et_pb_text][et_pb_button button_text=&#8221;Inscripci\u00f3n a webinar&#8221; _builder_version=&#8221;4.27.6&#8243; _module_preset=&#8221;default&#8221; button_url=&#8221;@ET-DC@eyJkeW5hbWljIjp0cnVlLCJjb250ZW50IjoicG9zdF9saW5rX3VybF9wYWdlIiwic2V0dGluZ3MiOnsicG9zdF9pZCI6IjUzOCJ9fQ==@&#8221; _dynamic_attributes=&#8221;button_url&#8221; hover_enabled=&#8221;0&#8243; sticky_enabled=&#8221;0&#8243; custom_button=&#8221;on&#8221; button_text_color=&#8221;#FFFFFF&#8221; button_bg_color=&#8221;#000000&#8243; button_bg_enable_color=&#8221;on&#8221; button_border_radius=&#8221;25px&#8221; button_font=&#8221;Space Grotesk||||||||&#8221; button_icon=&#8221;&#x5a;||divi||400&#8243; button_text_shadow_style=&#8221;preset1&#8243; button_alignment=&#8221;center&#8221;][\/et_pb_button][\/et_pb_column][\/et_pb_row][\/et_pb_section]<\/p>\n","protected":false},"excerpt":{"rendered":"<p>Entrenamiento y Formaci\u00f3n\u00a0Impartimos cursos in company y abiertos sobre las metodolog\u00edas y est\u00e1ndares asociados a las buenas practicas de mantenimiento, confiabilidad y gesti\u00f3n de activos, incluyendo certificaci\u00f3n.El Mantenimiento Centrado en Confiabilidad \u2013 RCM (por sus siglas en ingl\u00e9s) se conoce como una de las t\u00e9cnicas de mayor difusi\u00f3n a nivel mundial para apoyar el desarrollo [&hellip;]<\/p>\n","protected":false},"author":1,"featured_media":0,"parent":0,"menu_order":0,"comment_status":"closed","ping_status":"closed","template":"","meta":{"_et_pb_use_builder":"on","_et_pb_old_content":"","_et_gb_content_width":"","footnotes":""},"class_list":["post-8","page","type-page","status-publish","hentry"],"_links":{"self":[{"href":"https:\/\/cmiconsultoria.com\/index.php?rest_route=\/wp\/v2\/pages\/8","targetHints":{"allow":["GET"]}}],"collection":[{"href":"https:\/\/cmiconsultoria.com\/index.php?rest_route=\/wp\/v2\/pages"}],"about":[{"href":"https:\/\/cmiconsultoria.com\/index.php?rest_route=\/wp\/v2\/types\/page"}],"author":[{"embeddable":true,"href":"https:\/\/cmiconsultoria.com\/index.php?rest_route=\/wp\/v2\/users\/1"}],"replies":[{"embeddable":true,"href":"https:\/\/cmiconsultoria.com\/index.php?rest_route=%2Fwp%2Fv2%2Fcomments&post=8"}],"version-history":[{"count":45,"href":"https:\/\/cmiconsultoria.com\/index.php?rest_route=\/wp\/v2\/pages\/8\/revisions"}],"predecessor-version":[{"id":554,"href":"https:\/\/cmiconsultoria.com\/index.php?rest_route=\/wp\/v2\/pages\/8\/revisions\/554"}],"wp:attachment":[{"href":"https:\/\/cmiconsultoria.com\/index.php?rest_route=%2Fwp%2Fv2%2Fmedia&parent=8"}],"curies":[{"name":"wp","href":"https:\/\/api.w.org\/{rel}","templated":true}]}}